{"id":304,"date":"2024-07-29T09:07:43","date_gmt":"2024-07-29T06:07:43","guid":{"rendered":"https:\/\/ikincielcekyat-ucuzsatan.com\/ikinciel\/?post_type=product&#038;p=304"},"modified":"2024-07-29T09:07:43","modified_gmt":"2024-07-29T06:07:43","slug":"ikea-ektorp-3lu-kanepe-koltuk-beyaz-100-kalin-pamuklu-kumastan","status":"publish","type":"product","link":"https:\/\/ikincielcekyat-ucuzsatan.com\/ikinciel\/urun\/ikea-ektorp-3lu-kanepe-koltuk-beyaz-100-kalin-pamuklu-kumastan\/","title":{"rendered":"Ikea ektorp 3&#8217;l\u00fc kanepe &#8211; koltuk &#8211; beyaz % 100 kal\u0131n pamuklu kuma\u015ftan"},"content":{"rendered":"<p><img loading=\"lazy\" decoding=\"async\" class=\"aligncenter size-full wp-image-305\" src=\"https:\/\/ikincielcekyat-ucuzsatan.com\/ikinciel\/wp-content\/uploads\/2024\/07\/Ikea-ektorp-3lu-kanepe-koltuk-beyaz-100-kalin-pamuklu-kumastan-3.png\" alt=\"\" width=\"835\" height=\"631\" title=\"\" srcset=\"https:\/\/ikincielcekyat-ucuzsatan.com\/ikinciel\/wp-content\/uploads\/2024\/07\/Ikea-ektorp-3lu-kanepe-koltuk-beyaz-100-kalin-pamuklu-kumastan-3.png 835w, https:\/\/ikincielcekyat-ucuzsatan.com\/ikinciel\/wp-content\/uploads\/2024\/07\/Ikea-ektorp-3lu-kanepe-koltuk-beyaz-100-kalin-pamuklu-kumastan-3-300x227.png 300w, https:\/\/ikincielcekyat-ucuzsatan.com\/ikinciel\/wp-content\/uploads\/2024\/07\/Ikea-ektorp-3lu-kanepe-koltuk-beyaz-100-kalin-pamuklu-kumastan-3-768x580.png 768w, https:\/\/ikincielcekyat-ucuzsatan.com\/ikinciel\/wp-content\/uploads\/2024\/07\/Ikea-ektorp-3lu-kanepe-koltuk-beyaz-100-kalin-pamuklu-kumastan-3-160x120.png 160w, https:\/\/ikincielcekyat-ucuzsatan.com\/ikinciel\/wp-content\/uploads\/2024\/07\/Ikea-ektorp-3lu-kanepe-koltuk-beyaz-100-kalin-pamuklu-kumastan-3-600x453.png 600w\" sizes=\"auto, (max-width: 835px) 100vw, 835px\" \/> <img loading=\"lazy\" decoding=\"async\" class=\"aligncenter size-full wp-image-306\" src=\"https:\/\/ikincielcekyat-ucuzsatan.com\/ikinciel\/wp-content\/uploads\/2024\/07\/Ikea-ektorp-3lu-kanepe-koltuk-beyaz-100-kalin-pamuklu-kumastan-1.png\" alt=\"\" width=\"977\" height=\"618\" title=\"\" srcset=\"https:\/\/ikincielcekyat-ucuzsatan.com\/ikinciel\/wp-content\/uploads\/2024\/07\/Ikea-ektorp-3lu-kanepe-koltuk-beyaz-100-kalin-pamuklu-kumastan-1.png 977w, https:\/\/ikincielcekyat-ucuzsatan.com\/ikinciel\/wp-content\/uploads\/2024\/07\/Ikea-ektorp-3lu-kanepe-koltuk-beyaz-100-kalin-pamuklu-kumastan-1-300x190.png 300w, https:\/\/ikincielcekyat-ucuzsatan.com\/ikinciel\/wp-content\/uploads\/2024\/07\/Ikea-ektorp-3lu-kanepe-koltuk-beyaz-100-kalin-pamuklu-kumastan-1-768x486.png 768w, https:\/\/ikincielcekyat-ucuzsatan.com\/ikinciel\/wp-content\/uploads\/2024\/07\/Ikea-ektorp-3lu-kanepe-koltuk-beyaz-100-kalin-pamuklu-kumastan-1-600x380.png 600w\" sizes=\"auto, (max-width: 977px) 100vw, 977px\" \/> <img loading=\"lazy\" decoding=\"async\" class=\"aligncenter size-full wp-image-307\" src=\"https:\/\/ikincielcekyat-ucuzsatan.com\/ikinciel\/wp-content\/uploads\/2024\/07\/Ikea-ektorp-3lu-kanepe-koltuk-beyaz-100-kalin-pamuklu-kumastan-2.png\" alt=\"\" width=\"997\" height=\"628\" title=\"\" srcset=\"https:\/\/ikincielcekyat-ucuzsatan.com\/ikinciel\/wp-content\/uploads\/2024\/07\/Ikea-ektorp-3lu-kanepe-koltuk-beyaz-100-kalin-pamuklu-kumastan-2.png 997w, https:\/\/ikincielcekyat-ucuzsatan.com\/ikinciel\/wp-content\/uploads\/2024\/07\/Ikea-ektorp-3lu-kanepe-koltuk-beyaz-100-kalin-pamuklu-kumastan-2-300x189.png 300w, https:\/\/ikincielcekyat-ucuzsatan.com\/ikinciel\/wp-content\/uploads\/2024\/07\/Ikea-ektorp-3lu-kanepe-koltuk-beyaz-100-kalin-pamuklu-kumastan-2-768x484.png 768w, https:\/\/ikincielcekyat-ucuzsatan.com\/ikinciel\/wp-content\/uploads\/2024\/07\/Ikea-ektorp-3lu-kanepe-koltuk-beyaz-100-kalin-pamuklu-kumastan-2-600x378.png 600w\" sizes=\"auto, (max-width: 997px) 100vw, 997px\" \/><\/p>\n","protected":false},"excerpt":{"rendered":"<p>IKEA&#8217;n\u0131n en \u00e7ok satan pop\u00fcler koltu\u011fu EKTORP 3&#8217;l\u00fc kanepe. \u0130kinci El Ikea Koltuk modelleri en uygun fiyatlar ile Dekopasaj&#8217;da! T\u0131kla, 2. el Ikea Koltuk fiyatlar\u0131 IKEA da hala sat\u0131\u015fta olan bu koltu\u011fun t\u00fcm detay\u0131na kendi sitesinden de eri\u015febiliyorsunuz<\/p>\n","protected":false},"featured_media":306,"template":"","meta":[],"product_brand":[],"product_cat":[15],"product_tag":[30],"class_list":{"0":"post-304","1":"product","2":"type-product","3":"status-publish","4":"has-post-thumbnail","6":"product_cat-ikinci-el-cekyat","7":"product_tag-ikinci-el-ikea-cekyat-kanepe","9":"first","10":"instock","11":"sale","12":"shipping-taxable","13":"purchasable","14":"product-type-simple"},"_links":{"self":[{"href":"https:\/\/ikincielcekyat-ucuzsatan.com\/ikinciel\/wp-json\/wp\/v2\/product\/304","targetHints":{"allow":["GET"]}}],"collection":[{"href":"https:\/\/ikincielcekyat-ucuzsatan.com\/ikinciel\/wp-json\/wp\/v2\/product"}],"about":[{"href":"https:\/\/ikincielcekyat-ucuzsatan.com\/ikinciel\/wp-json\/wp\/v2\/types\/product"}],"wp:featuredmedia":[{"embeddable":true,"href":"https:\/\/ikincielcekyat-ucuzsatan.com\/ikinciel\/wp-json\/wp\/v2\/media\/306"}],"wp:attachment":[{"href":"https:\/\/ikincielcekyat-ucuzsatan.com\/ikinciel\/wp-json\/wp\/v2\/media?parent=304"}],"wp:term":[{"taxonomy":"product_brand","embeddable":true,"href":"https:\/\/ikincielcekyat-ucuzsatan.com\/ikinciel\/wp-json\/wp\/v2\/product_brand?post=304"},{"taxonomy":"product_cat","embeddable":true,"href":"https:\/\/ikincielcekyat-ucuzsatan.com\/ikinciel\/wp-json\/wp\/v2\/product_cat?post=304"},{"taxonomy":"product_tag","embeddable":true,"href":"https:\/\/ikincielcekyat-ucuzsatan.com\/ikinciel\/wp-json\/wp\/v2\/product_tag?post=304"}],"curies":[{"name":"wp","href":"https:\/\/api.w.org\/{rel}","templated":true}]}}