{"id":333,"date":"2024-07-30T13:10:59","date_gmt":"2024-07-30T10:10:59","guid":{"rendered":"https:\/\/ikincielcekyat-ucuzsatan.com\/ikinciel\/?post_type=product&#038;p=333"},"modified":"2024-07-30T13:10:59","modified_gmt":"2024-07-30T10:10:59","slug":"ikinci-el-koltuk-kanepe-renkli-ve-sik-tasarimli-ic-acan-bir-mobilya","status":"publish","type":"product","link":"https:\/\/ikincielcekyat-ucuzsatan.com\/ikinciel\/urun\/ikinci-el-koltuk-kanepe-renkli-ve-sik-tasarimli-ic-acan-bir-mobilya\/","title":{"rendered":"\u0130kinci el koltuk kanepe renkli ve \u015f\u0131k tasar\u0131ml\u0131 i\u00e7 a\u00e7an bir mobilya"},"content":{"rendered":"<p><img loading=\"lazy\" decoding=\"async\" class=\"aligncenter size-full wp-image-334\" src=\"https:\/\/ikincielcekyat-ucuzsatan.com\/ikinciel\/wp-content\/uploads\/2024\/07\/Ikinci-el-koltuk-kanepe-renkli-3.png\" alt=\"\" width=\"868\" height=\"635\" title=\"\" srcset=\"https:\/\/ikincielcekyat-ucuzsatan.com\/ikinciel\/wp-content\/uploads\/2024\/07\/Ikinci-el-koltuk-kanepe-renkli-3.png 868w, https:\/\/ikincielcekyat-ucuzsatan.com\/ikinciel\/wp-content\/uploads\/2024\/07\/Ikinci-el-koltuk-kanepe-renkli-3-300x219.png 300w, https:\/\/ikincielcekyat-ucuzsatan.com\/ikinciel\/wp-content\/uploads\/2024\/07\/Ikinci-el-koltuk-kanepe-renkli-3-768x562.png 768w, https:\/\/ikincielcekyat-ucuzsatan.com\/ikinciel\/wp-content\/uploads\/2024\/07\/Ikinci-el-koltuk-kanepe-renkli-3-600x439.png 600w\" sizes=\"auto, (max-width: 868px) 100vw, 868px\" \/> <img loading=\"lazy\" decoding=\"async\" class=\"aligncenter size-full wp-image-335\" src=\"https:\/\/ikincielcekyat-ucuzsatan.com\/ikinciel\/wp-content\/uploads\/2024\/07\/Ikinci-el-koltuk-kanepe-renkli-1.png\" alt=\"\" width=\"869\" height=\"632\" title=\"\" srcset=\"https:\/\/ikincielcekyat-ucuzsatan.com\/ikinciel\/wp-content\/uploads\/2024\/07\/Ikinci-el-koltuk-kanepe-renkli-1.png 869w, https:\/\/ikincielcekyat-ucuzsatan.com\/ikinciel\/wp-content\/uploads\/2024\/07\/Ikinci-el-koltuk-kanepe-renkli-1-300x218.png 300w, https:\/\/ikincielcekyat-ucuzsatan.com\/ikinciel\/wp-content\/uploads\/2024\/07\/Ikinci-el-koltuk-kanepe-renkli-1-768x559.png 768w, https:\/\/ikincielcekyat-ucuzsatan.com\/ikinciel\/wp-content\/uploads\/2024\/07\/Ikinci-el-koltuk-kanepe-renkli-1-600x436.png 600w\" sizes=\"auto, (max-width: 869px) 100vw, 869px\" \/> <img loading=\"lazy\" decoding=\"async\" class=\"aligncenter size-full wp-image-336\" src=\"https:\/\/ikincielcekyat-ucuzsatan.com\/ikinciel\/wp-content\/uploads\/2024\/07\/Ikinci-el-koltuk-kanepe-renkli-2.png\" alt=\"\" width=\"868\" height=\"632\" title=\"\" srcset=\"https:\/\/ikincielcekyat-ucuzsatan.com\/ikinciel\/wp-content\/uploads\/2024\/07\/Ikinci-el-koltuk-kanepe-renkli-2.png 868w, https:\/\/ikincielcekyat-ucuzsatan.com\/ikinciel\/wp-content\/uploads\/2024\/07\/Ikinci-el-koltuk-kanepe-renkli-2-300x218.png 300w, https:\/\/ikincielcekyat-ucuzsatan.com\/ikinciel\/wp-content\/uploads\/2024\/07\/Ikinci-el-koltuk-kanepe-renkli-2-768x559.png 768w, https:\/\/ikincielcekyat-ucuzsatan.com\/ikinciel\/wp-content\/uploads\/2024\/07\/Ikinci-el-koltuk-kanepe-renkli-2-600x437.png 600w\" sizes=\"auto, (max-width: 868px) 100vw, 868px\" \/><\/p>\n","protected":false},"excerpt":{"rendered":"<p>\u0130kinci el koltuk kanepe renkli <em>Koltuk<\/em>\u00a0fonksiyonunun d\u0131\u015f\u0131nda yatak olarak da kullan\u0131labilen \u00e7ekyat\u00a0<em>kanepe<\/em>\u00a0\u00e7e\u015fitleri, \u015f\u0131k ve Koltuk olarak bilinen mobilyalar tek ki\u015finin oturmas\u0131 i\u00e7in uygunken kanepeler daha ergonomik tasar\u0131mlar\u0131 ile \u00f6ne \u00e7\u0131kar Oturma Odas\u0131 ve Salon Mobilyalar\u0131 Modelleri, ikinci el ve s\u0131f\u0131r se\u00e7enekleri ve b\u00fct\u00e7enize uygun <\/p>\n","protected":false},"featured_media":335,"template":"","meta":[],"product_brand":[],"product_cat":[31],"product_tag":[],"class_list":{"0":"post-333","1":"product","2":"type-product","3":"status-publish","4":"has-post-thumbnail","6":"product_cat-ikinci-el-kanepe","8":"first","9":"instock","10":"sale","11":"shipping-taxable","12":"purchasable","13":"product-type-simple"},"_links":{"self":[{"href":"https:\/\/ikincielcekyat-ucuzsatan.com\/ikinciel\/wp-json\/wp\/v2\/product\/333","targetHints":{"allow":["GET"]}}],"collection":[{"href":"https:\/\/ikincielcekyat-ucuzsatan.com\/ikinciel\/wp-json\/wp\/v2\/product"}],"about":[{"href":"https:\/\/ikincielcekyat-ucuzsatan.com\/ikinciel\/wp-json\/wp\/v2\/types\/product"}],"wp:featuredmedia":[{"embeddable":true,"href":"https:\/\/ikincielcekyat-ucuzsatan.com\/ikinciel\/wp-json\/wp\/v2\/media\/335"}],"wp:attachment":[{"href":"https:\/\/ikincielcekyat-ucuzsatan.com\/ikinciel\/wp-json\/wp\/v2\/media?parent=333"}],"wp:term":[{"taxonomy":"product_brand","embeddable":true,"href":"https:\/\/ikincielcekyat-ucuzsatan.com\/ikinciel\/wp-json\/wp\/v2\/product_brand?post=333"},{"taxonomy":"product_cat","embeddable":true,"href":"https:\/\/ikincielcekyat-ucuzsatan.com\/ikinciel\/wp-json\/wp\/v2\/product_cat?post=333"},{"taxonomy":"product_tag","embeddable":true,"href":"https:\/\/ikincielcekyat-ucuzsatan.com\/ikinciel\/wp-json\/wp\/v2\/product_tag?post=333"}],"curies":[{"name":"wp","href":"https:\/\/api.w.org\/{rel}","templated":true}]}}

İkinci el koltuk kanepe renkli ve şık tasarımlı iç açan bir mobilya

<p>İkinci el koltuk kanepe renkli <em>Koltuk</em> fonksiyonunun dışında yatak olarak da kullanılabilen çekyat <em>kanepe</em> çeşitleri, şık ve Koltuk olarak bilinen mobilyalar tek kişinin oturması için uygunken kanepeler daha ergonomik tasarımları ile öne çıkar Oturma Odası ve Salon Mobilyaları Modelleri, ikinci el ve sıfır seçenekleri ve bütçenize uygun </p>
