{"id":360,"date":"2024-08-10T09:38:38","date_gmt":"2024-08-10T06:38:38","guid":{"rendered":"https:\/\/ikincielcekyat-ucuzsatan.com\/ikinciel\/?post_type=product&#038;p=360"},"modified":"2024-08-10T09:38:38","modified_gmt":"2024-08-10T06:38:38","slug":"ikea-hyltarp-5-aylik-tertemiz-koltuk-rahat-ve-ucuz","status":"publish","type":"product","link":"https:\/\/ikincielcekyat-ucuzsatan.com\/ikinciel\/urun\/ikea-hyltarp-5-aylik-tertemiz-koltuk-rahat-ve-ucuz\/","title":{"rendered":"\u0130KEA HYLTARP 5 AYLIK TERTEM\u0130Z KOLTUK RAHAT VE UCUZ"},"content":{"rendered":"<p><img loading=\"lazy\" decoding=\"async\" src=\"https:\/\/ikincielcekyat-ucuzsatan.com\/ikinciel\/wp-content\/uploads\/2024\/08\/IKEA-HYLTARP-5-AYLIK-TERTEMIZ-KOLTUK-1.png\" alt=\"\" width=\"1056\" height=\"524\" class=\"aligncenter size-full wp-image-361\" title=\"\" srcset=\"https:\/\/ikincielcekyat-ucuzsatan.com\/ikinciel\/wp-content\/uploads\/2024\/08\/IKEA-HYLTARP-5-AYLIK-TERTEMIZ-KOLTUK-1.png 1056w, https:\/\/ikincielcekyat-ucuzsatan.com\/ikinciel\/wp-content\/uploads\/2024\/08\/IKEA-HYLTARP-5-AYLIK-TERTEMIZ-KOLTUK-1-300x149.png 300w, https:\/\/ikincielcekyat-ucuzsatan.com\/ikinciel\/wp-content\/uploads\/2024\/08\/IKEA-HYLTARP-5-AYLIK-TERTEMIZ-KOLTUK-1-1024x508.png 1024w, https:\/\/ikincielcekyat-ucuzsatan.com\/ikinciel\/wp-content\/uploads\/2024\/08\/IKEA-HYLTARP-5-AYLIK-TERTEMIZ-KOLTUK-1-768x381.png 768w, https:\/\/ikincielcekyat-ucuzsatan.com\/ikinciel\/wp-content\/uploads\/2024\/08\/IKEA-HYLTARP-5-AYLIK-TERTEMIZ-KOLTUK-1-600x298.png 600w\" sizes=\"auto, (max-width: 1056px) 100vw, 1056px\" \/><\/p>\n<p><img loading=\"lazy\" decoding=\"async\" src=\"https:\/\/ikincielcekyat-ucuzsatan.com\/ikinciel\/wp-content\/uploads\/2024\/08\/IKEA-HYLTARP-5-AYLIK-TERTEMIZ-KOLTUK-2.png\" alt=\"\" width=\"995\" height=\"627\" class=\"aligncenter size-full wp-image-362\" title=\"\" srcset=\"https:\/\/ikincielcekyat-ucuzsatan.com\/ikinciel\/wp-content\/uploads\/2024\/08\/IKEA-HYLTARP-5-AYLIK-TERTEMIZ-KOLTUK-2.png 995w, https:\/\/ikincielcekyat-ucuzsatan.com\/ikinciel\/wp-content\/uploads\/2024\/08\/IKEA-HYLTARP-5-AYLIK-TERTEMIZ-KOLTUK-2-300x189.png 300w, https:\/\/ikincielcekyat-ucuzsatan.com\/ikinciel\/wp-content\/uploads\/2024\/08\/IKEA-HYLTARP-5-AYLIK-TERTEMIZ-KOLTUK-2-768x484.png 768w, https:\/\/ikincielcekyat-ucuzsatan.com\/ikinciel\/wp-content\/uploads\/2024\/08\/IKEA-HYLTARP-5-AYLIK-TERTEMIZ-KOLTUK-2-600x378.png 600w\" sizes=\"auto, (max-width: 995px) 100vw, 995px\" \/><\/p>\n<p><img loading=\"lazy\" decoding=\"async\" src=\"https:\/\/ikincielcekyat-ucuzsatan.com\/ikinciel\/wp-content\/uploads\/2024\/08\/IKEA-HYLTARP-5-AYLIK-TERTEMIZ-KOLTUK-3.png\" alt=\"\" width=\"793\" height=\"634\" class=\"aligncenter size-full wp-image-363\" title=\"\" srcset=\"https:\/\/ikincielcekyat-ucuzsatan.com\/ikinciel\/wp-content\/uploads\/2024\/08\/IKEA-HYLTARP-5-AYLIK-TERTEMIZ-KOLTUK-3.png 793w, https:\/\/ikincielcekyat-ucuzsatan.com\/ikinciel\/wp-content\/uploads\/2024\/08\/IKEA-HYLTARP-5-AYLIK-TERTEMIZ-KOLTUK-3-300x240.png 300w, https:\/\/ikincielcekyat-ucuzsatan.com\/ikinciel\/wp-content\/uploads\/2024\/08\/IKEA-HYLTARP-5-AYLIK-TERTEMIZ-KOLTUK-3-768x614.png 768w, https:\/\/ikincielcekyat-ucuzsatan.com\/ikinciel\/wp-content\/uploads\/2024\/08\/IKEA-HYLTARP-5-AYLIK-TERTEMIZ-KOLTUK-3-600x480.png 600w\" sizes=\"auto, (max-width: 793px) 100vw, 793px\" \/><\/p>\n","protected":false},"excerpt":{"rendered":"<p>\u0130KEA HYLTARP 5 AYLIK TERTEM\u0130Z KOLTUK \u00c7o\u011fu ev i\u00e7in Bu kanepe \u00e7ok rahatt\u0131r, g\u00f6ze ho\u015f gelen temiz bir g\u00f6r\u00fcn\u00fcme ve uzanma koltu\u011funda c\u00f6mert bir \u00fc\u00e7l\u00fc kanepeler ve berjerler Ikea iki ki\u015filik \u00e7ekyat. 15.000 TL%13. 13.000 TL ile olu\u015fturulan estetik bir kompozisyon, evin oturma<\/p>\n","protected":false},"featured_media":361,"template":"","meta":[],"product_brand":[],"product_cat":[15],"product_tag":[],"class_list":{"0":"post-360","1":"product","2":"type-product","3":"status-publish","4":"has-post-thumbnail","6":"product_cat-ikinci-el-cekyat","8":"first","9":"instock","10":"sale","11":"shipping-taxable","12":"purchasable","13":"product-type-simple"},"_links":{"self":[{"href":"https:\/\/ikincielcekyat-ucuzsatan.com\/ikinciel\/wp-json\/wp\/v2\/product\/360","targetHints":{"allow":["GET"]}}],"collection":[{"href":"https:\/\/ikincielcekyat-ucuzsatan.com\/ikinciel\/wp-json\/wp\/v2\/product"}],"about":[{"href":"https:\/\/ikincielcekyat-ucuzsatan.com\/ikinciel\/wp-json\/wp\/v2\/types\/product"}],"wp:featuredmedia":[{"embeddable":true,"href":"https:\/\/ikincielcekyat-ucuzsatan.com\/ikinciel\/wp-json\/wp\/v2\/media\/361"}],"wp:attachment":[{"href":"https:\/\/ikincielcekyat-ucuzsatan.com\/ikinciel\/wp-json\/wp\/v2\/media?parent=360"}],"wp:term":[{"taxonomy":"product_brand","embeddable":true,"href":"https:\/\/ikincielcekyat-ucuzsatan.com\/ikinciel\/wp-json\/wp\/v2\/product_brand?post=360"},{"taxonomy":"product_cat","embeddable":true,"href":"https:\/\/ikincielcekyat-ucuzsatan.com\/ikinciel\/wp-json\/wp\/v2\/product_cat?post=360"},{"taxonomy":"product_tag","embeddable":true,"href":"https:\/\/ikincielcekyat-ucuzsatan.com\/ikinciel\/wp-json\/wp\/v2\/product_tag?post=360"}],"curies":[{"name":"wp","href":"https:\/\/api.w.org\/{rel}","templated":true}]}}