{"id":371,"date":"2024-08-22T09:17:23","date_gmt":"2024-08-22T06:17:23","guid":{"rendered":"https:\/\/ikincielcekyat-ucuzsatan.com\/ikinciel\/?post_type=product&#038;p=371"},"modified":"2024-08-22T09:17:23","modified_gmt":"2024-08-22T06:17:23","slug":"ikea-2li-yatakli-kanepe","status":"publish","type":"product","link":"https:\/\/ikincielcekyat-ucuzsatan.com\/ikinciel\/urun\/ikea-2li-yatakli-kanepe\/","title":{"rendered":"Ikea 2\u2019li Yatakl\u0131 Kanepe"},"content":{"rendered":"<p><img loading=\"lazy\" decoding=\"async\" src=\"https:\/\/ikincielcekyat-ucuzsatan.com\/ikinciel\/wp-content\/uploads\/2024\/08\/Ikea-2li-Yatakli-Kanepe-2.png\" alt=\"\" width=\"1085\" height=\"626\" class=\"aligncenter size-full wp-image-372\" title=\"\" srcset=\"https:\/\/ikincielcekyat-ucuzsatan.com\/ikinciel\/wp-content\/uploads\/2024\/08\/Ikea-2li-Yatakli-Kanepe-2.png 1085w, https:\/\/ikincielcekyat-ucuzsatan.com\/ikinciel\/wp-content\/uploads\/2024\/08\/Ikea-2li-Yatakli-Kanepe-2-300x173.png 300w, https:\/\/ikincielcekyat-ucuzsatan.com\/ikinciel\/wp-content\/uploads\/2024\/08\/Ikea-2li-Yatakli-Kanepe-2-1024x591.png 1024w, https:\/\/ikincielcekyat-ucuzsatan.com\/ikinciel\/wp-content\/uploads\/2024\/08\/Ikea-2li-Yatakli-Kanepe-2-768x443.png 768w, https:\/\/ikincielcekyat-ucuzsatan.com\/ikinciel\/wp-content\/uploads\/2024\/08\/Ikea-2li-Yatakli-Kanepe-2-600x346.png 600w\" sizes=\"auto, (max-width: 1085px) 100vw, 1085px\" \/><\/p>\n<p><img loading=\"lazy\" decoding=\"async\" src=\"https:\/\/ikincielcekyat-ucuzsatan.com\/ikinciel\/wp-content\/uploads\/2024\/08\/Ikea-2li-Yatakli-Kanepe-1.png\" alt=\"\" width=\"850\" height=\"634\" class=\"aligncenter size-full wp-image-373\" title=\"\" srcset=\"https:\/\/ikincielcekyat-ucuzsatan.com\/ikinciel\/wp-content\/uploads\/2024\/08\/Ikea-2li-Yatakli-Kanepe-1.png 850w, https:\/\/ikincielcekyat-ucuzsatan.com\/ikinciel\/wp-content\/uploads\/2024\/08\/Ikea-2li-Yatakli-Kanepe-1-300x224.png 300w, https:\/\/ikincielcekyat-ucuzsatan.com\/ikinciel\/wp-content\/uploads\/2024\/08\/Ikea-2li-Yatakli-Kanepe-1-768x573.png 768w, https:\/\/ikincielcekyat-ucuzsatan.com\/ikinciel\/wp-content\/uploads\/2024\/08\/Ikea-2li-Yatakli-Kanepe-1-160x120.png 160w, https:\/\/ikincielcekyat-ucuzsatan.com\/ikinciel\/wp-content\/uploads\/2024\/08\/Ikea-2li-Yatakli-Kanepe-1-600x448.png 600w\" sizes=\"auto, (max-width: 850px) 100vw, 850px\" \/><\/p>\n","protected":false},"excerpt":{"rendered":"<p>ikinci el iKEA-barslov tibbleby acik gri turkuaz 2 li yatakli kanepe Tasar\u0131m ve konfor a\u00e7\u0131s\u0131ndan kullan\u0131c\u0131lara geni\u015f bir yelpazede sunulan ikili kanepe modelleri ve uzanma koltugu 1 BARSL\u00d6V bazal\u0131 yatakl\u0131 k\u00f6\u015fe kanepe, tibbleby a\u00e7\u0131k gri-turkuaz  A\u00e7\u0131l\u0131r ikili kanepe modelleri ise sade bir hareketle geni\u015f ve rahat bir yatak haline gelebilir.<\/p>\n","protected":false},"featured_media":372,"template":"","meta":[],"product_brand":[],"product_cat":[31],"product_tag":[30],"class_list":{"0":"post-371","1":"product","2":"type-product","3":"status-publish","4":"has-post-thumbnail","6":"product_cat-ikinci-el-kanepe","7":"product_tag-ikinci-el-ikea-cekyat-kanepe","9":"first","10":"instock","11":"sale","12":"shipping-taxable","13":"purchasable","14":"product-type-simple"},"_links":{"self":[{"href":"https:\/\/ikincielcekyat-ucuzsatan.com\/ikinciel\/wp-json\/wp\/v2\/product\/371","targetHints":{"allow":["GET"]}}],"collection":[{"href":"https:\/\/ikincielcekyat-ucuzsatan.com\/ikinciel\/wp-json\/wp\/v2\/product"}],"about":[{"href":"https:\/\/ikincielcekyat-ucuzsatan.com\/ikinciel\/wp-json\/wp\/v2\/types\/product"}],"wp:featuredmedia":[{"embeddable":true,"href":"https:\/\/ikincielcekyat-ucuzsatan.com\/ikinciel\/wp-json\/wp\/v2\/media\/372"}],"wp:attachment":[{"href":"https:\/\/ikincielcekyat-ucuzsatan.com\/ikinciel\/wp-json\/wp\/v2\/media?parent=371"}],"wp:term":[{"taxonomy":"product_brand","embeddable":true,"href":"https:\/\/ikincielcekyat-ucuzsatan.com\/ikinciel\/wp-json\/wp\/v2\/product_brand?post=371"},{"taxonomy":"product_cat","embeddable":true,"href":"https:\/\/ikincielcekyat-ucuzsatan.com\/ikinciel\/wp-json\/wp\/v2\/product_cat?post=371"},{"taxonomy":"product_tag","embeddable":true,"href":"https:\/\/ikincielcekyat-ucuzsatan.com\/ikinciel\/wp-json\/wp\/v2\/product_tag?post=371"}],"curies":[{"name":"wp","href":"https:\/\/api.w.org\/{rel}","templated":true}]}}