{"id":399,"date":"2024-10-16T06:45:58","date_gmt":"2024-10-16T03:45:58","guid":{"rendered":"https:\/\/ikincielcekyat-ucuzsatan.com\/ikinciel\/?post_type=product&#038;p=399"},"modified":"2024-10-16T06:45:58","modified_gmt":"2024-10-16T03:45:58","slug":"kullanilmis-urun-ikea-kivik-2li-kanepe-ve-uzanma-koltuk","status":"publish","type":"product","link":"https:\/\/ikincielcekyat-ucuzsatan.com\/ikinciel\/urun\/kullanilmis-urun-ikea-kivik-2li-kanepe-ve-uzanma-koltuk\/","title":{"rendered":"KULLANILMI\u015e \u00dcR\u00dcN IKEA KIVIK 2li KANEPE VE UZANMA KOLTUK"},"content":{"rendered":"<p><img loading=\"lazy\" decoding=\"async\" src=\"https:\/\/ikincielcekyat-ucuzsatan.com\/ikinciel\/wp-content\/uploads\/2024\/10\/IKEA-KIVIK-2li-KANEPE-VE-UZANMA-KOLTU-3.png\" alt=\"\" width=\"970\" height=\"567\" class=\"aligncenter size-full wp-image-402\" title=\"\" srcset=\"https:\/\/ikincielcekyat-ucuzsatan.com\/ikinciel\/wp-content\/uploads\/2024\/10\/IKEA-KIVIK-2li-KANEPE-VE-UZANMA-KOLTU-3.png 970w, https:\/\/ikincielcekyat-ucuzsatan.com\/ikinciel\/wp-content\/uploads\/2024\/10\/IKEA-KIVIK-2li-KANEPE-VE-UZANMA-KOLTU-3-300x175.png 300w, https:\/\/ikincielcekyat-ucuzsatan.com\/ikinciel\/wp-content\/uploads\/2024\/10\/IKEA-KIVIK-2li-KANEPE-VE-UZANMA-KOLTU-3-768x449.png 768w, https:\/\/ikincielcekyat-ucuzsatan.com\/ikinciel\/wp-content\/uploads\/2024\/10\/IKEA-KIVIK-2li-KANEPE-VE-UZANMA-KOLTU-3-600x351.png 600w\" sizes=\"auto, (max-width: 970px) 100vw, 970px\" \/><\/p>\n","protected":false},"excerpt":{"rendered":"<p>IKEA KIVIK 2li KANEPE VE UZANMA KOLTUU SIFIR KILIFLI \u0130ki adet \u00fc\u00e7l\u00fc koltuk. 16.000 TL. \u0130stanbul, Kartal \u00b7 <strong><a href=\"https:\/\/www.ikea.com.tr\/seriler\/norsborg-serisi\">\u0130kea Norsborg antrasit<\/a><\/strong> 3 l\u00fc ve 2 uzanma koltu\u011fu. S\u0131f\u0131r Yenilenmi\u015f Orjinal IKEA K\u0131v\u0131k 2li Kanepe ve Uzanma Koltu\u011fu L K\u00f6\u015fe Koltuk. Maks. \u0130KEA KIVIK Serisi 2&#8217;li ve 3&#8217;l\u00fc koltuk K\u0131v\u0131k 3&#8217;l\u00fc kanepe ve uzanma koltu\u011fu, antrasit, s\u0131f\u0131r kapal\u0131 kutu<\/p>\n","protected":false},"featured_media":400,"template":"","meta":[],"product_brand":[],"product_cat":[15],"product_tag":[30],"class_list":{"0":"post-399","1":"product","2":"type-product","3":"status-publish","4":"has-post-thumbnail","6":"product_cat-ikinci-el-cekyat","7":"product_tag-ikinci-el-ikea-cekyat-kanepe","9":"first","10":"instock","11":"sale","12":"shipping-taxable","13":"purchasable","14":"product-type-simple"},"_links":{"self":[{"href":"https:\/\/ikincielcekyat-ucuzsatan.com\/ikinciel\/wp-json\/wp\/v2\/product\/399","targetHints":{"allow":["GET"]}}],"collection":[{"href":"https:\/\/ikincielcekyat-ucuzsatan.com\/ikinciel\/wp-json\/wp\/v2\/product"}],"about":[{"href":"https:\/\/ikincielcekyat-ucuzsatan.com\/ikinciel\/wp-json\/wp\/v2\/types\/product"}],"wp:featuredmedia":[{"embeddable":true,"href":"https:\/\/ikincielcekyat-ucuzsatan.com\/ikinciel\/wp-json\/wp\/v2\/media\/400"}],"wp:attachment":[{"href":"https:\/\/ikincielcekyat-ucuzsatan.com\/ikinciel\/wp-json\/wp\/v2\/media?parent=399"}],"wp:term":[{"taxonomy":"product_brand","embeddable":true,"href":"https:\/\/ikincielcekyat-ucuzsatan.com\/ikinciel\/wp-json\/wp\/v2\/product_brand?post=399"},{"taxonomy":"product_cat","embeddable":true,"href":"https:\/\/ikincielcekyat-ucuzsatan.com\/ikinciel\/wp-json\/wp\/v2\/product_cat?post=399"},{"taxonomy":"product_tag","embeddable":true,"href":"https:\/\/ikincielcekyat-ucuzsatan.com\/ikinciel\/wp-json\/wp\/v2\/product_tag?post=399"}],"curies":[{"name":"wp","href":"https:\/\/api.w.org\/{rel}","templated":true}]}}