{"id":418,"date":"2025-04-14T17:41:54","date_gmt":"2025-04-14T14:41:54","guid":{"rendered":"https:\/\/ikincielcekyat-ucuzsatan.com\/ikinciel\/?post_type=product&#038;p=418"},"modified":"2025-04-14T17:41:54","modified_gmt":"2025-04-14T14:41:54","slug":"kanepe-spot-cekyat-modellerini-en-uygun-fiyat-ve-kampanyali-avantajlariyla","status":"publish","type":"product","link":"https:\/\/ikincielcekyat-ucuzsatan.com\/ikinciel\/urun\/kanepe-spot-cekyat-modellerini-en-uygun-fiyat-ve-kampanyali-avantajlariyla\/","title":{"rendered":"Kanepe, Spot \u00c7ekyat modellerini, en uygun fiyat ve kampanyal\u0131 avantajlar\u0131yla"},"content":{"rendered":"<p><img loading=\"lazy\" decoding=\"async\" class=\"aligncenter size-full wp-image-421\" src=\"https:\/\/ikincielcekyat-ucuzsatan.com\/ikinciel\/wp-content\/uploads\/2025\/04\/Kanepe-Cekyat-modellerini-1.png\" alt=\"\" width=\"769\" height=\"627\" title=\"\" srcset=\"https:\/\/ikincielcekyat-ucuzsatan.com\/ikinciel\/wp-content\/uploads\/2025\/04\/Kanepe-Cekyat-modellerini-1.png 769w, https:\/\/ikincielcekyat-ucuzsatan.com\/ikinciel\/wp-content\/uploads\/2025\/04\/Kanepe-Cekyat-modellerini-1-300x245.png 300w, https:\/\/ikincielcekyat-ucuzsatan.com\/ikinciel\/wp-content\/uploads\/2025\/04\/Kanepe-Cekyat-modellerini-1-600x489.png 600w\" sizes=\"auto, (max-width: 769px) 100vw, 769px\" \/> <img loading=\"lazy\" decoding=\"async\" class=\"aligncenter size-full wp-image-420\" src=\"https:\/\/ikincielcekyat-ucuzsatan.com\/ikinciel\/wp-content\/uploads\/2025\/04\/Kanepe-Cekyat-modellerini-2.png\" alt=\"\" width=\"1033\" height=\"607\" title=\"\" srcset=\"https:\/\/ikincielcekyat-ucuzsatan.com\/ikinciel\/wp-content\/uploads\/2025\/04\/Kanepe-Cekyat-modellerini-2.png 1033w, https:\/\/ikincielcekyat-ucuzsatan.com\/ikinciel\/wp-content\/uploads\/2025\/04\/Kanepe-Cekyat-modellerini-2-300x176.png 300w, https:\/\/ikincielcekyat-ucuzsatan.com\/ikinciel\/wp-content\/uploads\/2025\/04\/Kanepe-Cekyat-modellerini-2-1024x602.png 1024w, https:\/\/ikincielcekyat-ucuzsatan.com\/ikinciel\/wp-content\/uploads\/2025\/04\/Kanepe-Cekyat-modellerini-2-768x451.png 768w, https:\/\/ikincielcekyat-ucuzsatan.com\/ikinciel\/wp-content\/uploads\/2025\/04\/Kanepe-Cekyat-modellerini-2-600x353.png 600w\" sizes=\"auto, (max-width: 1033px) 100vw, 1033px\" \/><\/p>\n","protected":false},"excerpt":{"rendered":"<p>Kanepe modellerimiz uygun fiyat garantisiyle sizlerle bulu\u015fuyor. G\u00fcndo\u011fdu Mobilya&#8217;ya ait kaliteli mobilyalardan birine sahip olmak i\u00e7in hemen al\u0131\u015fveri\u015fe \u00c7ekyat ne oluyor?<br \/>\nKo\u00e7ta\u015f&#8217;ta \u00e7ekyat var m\u0131?<br \/>\nSpot\u00e7ular koltuk al\u0131r m\u0131?<br \/>\nEn rahat kanepe hangisi?<\/p>\n","protected":false},"featured_media":421,"template":"","meta":[],"product_brand":[],"product_cat":[31],"product_tag":[37],"class_list":{"0":"post-418","1":"product","2":"type-product","3":"status-publish","4":"has-post-thumbnail","6":"product_cat-ikinci-el-kanepe","7":"product_tag-spot-cekyat","9":"first","10":"instock","11":"shipping-taxable","12":"product-type-simple"},"_links":{"self":[{"href":"https:\/\/ikincielcekyat-ucuzsatan.com\/ikinciel\/wp-json\/wp\/v2\/product\/418","targetHints":{"allow":["GET"]}}],"collection":[{"href":"https:\/\/ikincielcekyat-ucuzsatan.com\/ikinciel\/wp-json\/wp\/v2\/product"}],"about":[{"href":"https:\/\/ikincielcekyat-ucuzsatan.com\/ikinciel\/wp-json\/wp\/v2\/types\/product"}],"wp:featuredmedia":[{"embeddable":true,"href":"https:\/\/ikincielcekyat-ucuzsatan.com\/ikinciel\/wp-json\/wp\/v2\/media\/421"}],"wp:attachment":[{"href":"https:\/\/ikincielcekyat-ucuzsatan.com\/ikinciel\/wp-json\/wp\/v2\/media?parent=418"}],"wp:term":[{"taxonomy":"product_brand","embeddable":true,"href":"https:\/\/ikincielcekyat-ucuzsatan.com\/ikinciel\/wp-json\/wp\/v2\/product_brand?post=418"},{"taxonomy":"product_cat","embeddable":true,"href":"https:\/\/ikincielcekyat-ucuzsatan.com\/ikinciel\/wp-json\/wp\/v2\/product_cat?post=418"},{"taxonomy":"product_tag","embeddable":true,"href":"https:\/\/ikincielcekyat-ucuzsatan.com\/ikinciel\/wp-json\/wp\/v2\/product_tag?post=418"}],"curies":[{"name":"wp","href":"https:\/\/api.w.org\/{rel}","templated":true}]}}